se 0 = -k + 5*y - 1435, 2*y + 1443 = -k + 5*y. Let d = k - -2292. What is the units digit of d?
7
Let b(g) = -2*g + 46. Let s be b(21). Let x(p) = -83*p**2 + p + 2. Let w(d) = 42*d**2 - 1. Let v(c) = s*x(c) + 9*w(c). What is the units digit of v(-2)?
5
Let i(n) be the second derivative of -n**4/12 + 49*n**3/6 + 11*n**2/2 - 177*n. What is the units digit of i(23)?
9
Suppose -192191 = -18*f + 163006 + 30345. What is the thousands digit of f?
1
Suppose 4*r - i = 26200, i = 4440*r - 4445*r + 32750. What is the thousands digit of r?
6
Let n(x) be the first derivative of -3*x**2/2 + 56*x - 16. Let m be (-96)/(-7) + (-8)/(-28). What is the units digit of n(m)?
4
Let h = -19606 + 26820. What is the tens digit of h?
1
Let j(i) = i**3 + 11*i**2 + 12*i - 12. Let o(x) = -6*x**2 + 34*x + 3. Let q be o(6). What is the tens digit of j(q)?
4
Suppose 0 = 4*p - s + 1423, 0 = p + 6*s - 2*s + 377. Let a = p - -1184. What is the hundreds digit of a?
8
Let f(l) = 5*l + 409. Let m(b) = 2*b + 136. Suppose -a = 3*g - 4*a, -a - 6 = -3*g. Let x(k) = g*f(k) - 8*m(k). What is the units digit of x(0)?
9
What is the units digit of (90/(-720))/(-1 - -2) + (-377426)/(-16)?
9
Suppose 5*r - 2208 = -278. Suppose -1508 = -6*w - r. What is the tens digit of w?
8
Suppose 2*o - 7996 = -2*l, 0 = -4*l - 2*o - 2500 + 18500. What is the hundreds digit of l?
0
Let k(w) = 2*w**3 + 2*w**2 - 6*w + 5. Let c be k(3). Suppose 0 = 57*y - c*y + 390. What is the hundreds digit of y?
1
Let v(r) be the first derivative of r**4/4 + 3*r**3 - 19*r**2/2 - 41*r + 49. What is the units digit of v(-10)?
9
Let u be (12/54*-3)/((-2)/24). Let x(l) = 22*l**2 + 17*l - 57. What is the tens digit of x(u)?
8
Suppose 3*c - 2*m - 2 = -m, -4*c + 3*m + 1 = 0. Let j be ((-1 - c)/(-6))/(111/1332). Suppose -275 = -x + j*z, x - 2*z - 308 = -39. What is the units digit of x?
3
What is the tens digit of (-62580)/140*(-89)/6*2?
6
Let y(u) be the third derivative of u**5/12 + u**4/12 - 8*u**3/3 - 2*u**2. Let k be y(-8). Suppose -3*s - 39 = -k. What is the units digit of s?
3
Let g be 2 - (-2 - -2) - (-419 + 13). What is the tens digit of (4 + (-39)/12)*g?
0
Suppose -64 = 4*w + 4*p, 2*p + 50 = 5*w - 8*w. Let k(t) = -84*t - 23. What is the tens digit of k(w)?
8
Suppose 88*d = 90*d - 8. Suppose -d*g = -8*g + 24. What is the tens digit of (4/g)/(7944/1323 + -6)?
4
Suppose 47778 + 132 + 49698 = 42*o. What is the units digit of o?
4
Suppose 6981 = 2*t - 3*i, -2*t = 5*i - 4604 - 2353. What is the hundreds digit of t?
4
Suppose 0 = -3*i + 4*i - 8. Let p(h) = -h + 8. Let t be p(i). Let r(x) = -x**2 + 100. What is the tens digit of r(t)?
0
Let g be 2/(-3 + ((-500)/(-165) - 0)). What is the tens digit of 4*1/6 + 30382/g?
6
Let m(u) = 7*u + 31. Let t be m(-4). Let r be (t - -1 - (-7)/(-2))*10. Suppose r*k = 2*k + 201. What is the units digit of k?
7
Let r(i) = 48*i**2 + 724*i - 54. What is the hundreds digit of r(-29)?
3
What is the thousands digit of (0 - (-143)/4)*394 + (-3)/2?
4
Let d = 10725 + -5859. What is the tens digit of d?
6
Let z be 2 - (-12)/(-3 + 7). Suppose 0*k - 948 = -z*m + 4*k, -4*m - 5*k + 742 = 0. What is the hundreds digit of m?
1
Suppose -797014 = -24*i + 17*i - 139*i. What is the hundreds digit of i?
4
Let l(i) = 1595*i + 17. What is the units digit of l(5)?
2
Suppose 8*h + 14336 = 63504. What is the hundreds digit of h?
1
Suppose 3*x = 68*x + 4*x - 100947. What is the hundreds digit of x?
4
Let v = -2745 - -2751. Suppose -391 + 1151 = 4*c. Suppose -c = -3*a + 5*r, -v*a + 4*a = -5*r - 130. What is the units digit of a?
0
Suppose 4*a - 1115 = -3*g + 3053, 0 = a - 1. What is the tens digit of g/14 - (2 + 91/(-49))?
9
Suppose 14*z = 122 + 46. What is the hundreds digit of (-15003)/6*(-1)/(z/8)?
6
Let d = 2334 + 71495. What is the tens digit of d?
2
Let s(r) = -18*r + 15. Let p be s(-3). Let k = p + -67. Suppose 0 = -k*i + a + 272 + 38, 790 = 5*i + 5*a. What is the hundreds digit of i?
1
Let h(p) be the first derivative of p**4/2 + p**3 + p**2 - p - 9. Let i be h(3). Let a = i + 3. What is the tens digit of a?
8
Let m = 22 + -20. Let u be m*(-3 - -5) - 292. What is the units digit of (-6 + u/(-10))/(4/10)?
7
Suppose -2*f - 3*o + 14 = 0, 3*o = -2*f + f + 7. Suppose f*u - 4*u = 246. Suppose 0 = -4*p - 2*t + 448, -u = -p + 2*t + 30. What is the hundreds digit of p?
1
Let d(y) be the second derivative of y**4/6 - 5*y**3/6 - 41*y**2 + 4*y + 16. What is the tens digit of d(25)?
4
Suppose 1592 = 4*t - 0*t. Suppose -2*y = -286 - t. Suppose 4*a = 2*r - y, 3*a + 167 = r + 5*a. What is the hundreds digit of r?
1
Let l be (-2 - (-107)/1)*(-870)/(-45). Suppose l = -64*i + 71*i. What is the hundreds digit of i?
2
Suppose -m + 7329 + 5496 = -3*o, -5*o - 25656 = -2*m. What is the units digit of m?
3
Suppose 3*a - 2*m = 6, -4*a - 2*m + 4*m + 8 = 0. Let j be (a - 1)/((4/57)/4). Let t = j - -106. What is the tens digit of t?
6
Suppose -3*t + 83866 = -28*h + 24*h, 2*t - 3*h = 55911. What is the tens digit of t?
5
Let u be -4 + 16/(8/2). Let a be (102 + u)*(-10)/(-20). Suppose 15 = 3*g - a. What is the tens digit of g?
2
Let n(k) = 6*k + 4. Suppose -2*u + 37 = -u. Suppose -v = u - 52. What is the tens digit of n(v)?
9
Let u = 317 - -2535. What is the thousands digit of u?
2
Let r(y) = 402*y + 678. What is the hundreds digit of r(4)?
2
Suppose -107*o + 434453 + 316045 = 0. What is the hundreds digit of o?
0
Let c = -66736 - -96852. What is the thousands digit of c?
0
Suppose -273280 = -63*l - 7*l. What is the hundreds digit of l?
9
Suppose 5*b - 5*h = b + 10, 3*h = 3*b - 9. Suppose -3*c = -b*c + v + 2, 0 = c + v - 1. What is the tens digit of (2/(-3))/(c/(-141))?
9
Let o(f) = -11*f**3 - 7*f**2 + 9*f + 16. Let k be o(-5). Suppose 0*t - 3*t + y = -3557, 0 = t - 4*y - k. What is the thousands digit of t?
1
Let n be 0/(-1 + -1)*5/10. Let r(l) = 2*l**3 + l**2 - l + 748. What is the tens digit of r(n)?
4
Let q be ((-14)/(-2))/(2/(-4)). Let g(c) = 3*c**2 + 11*c - 2*c**2 + 2 + 1 - 1. What is the tens digit of g(q)?
4
Suppose h = -4*l - 1013, l + 3*h = 6*l + 1245. Let s = -137 - l. What is the units digit of s?
5
Let j be 7/((-210)/108)*-3435. Suppose 16*z - j = -11*z. What is the tens digit of z?
5
Let r = 11893 + -7130. What is the thousands digit of r?
4
Suppose 43*v + 87*v = -171*v + 14022988. What is the thousands digit of v?
6
Let l(a) = -a**3 - 9*a**2 - 18*a - 16. Let b = 47 + -12. Suppose -4*o + b = -9*o. What is the units digit of l(o)?
2
Let r(a) = 241*a - 2794. What is the hundreds digit of r(56)?
7
Suppose -5*x + 6*x = 3. Let q be -3 + x/3 + 2 - -68. Let d = q - 35. What is the units digit of d?
3
Let r = 63 - 60. What is the units digit of (-22860)/(-75) - r/30*-2?
5
Let f(v) be the first derivative of 58*v**3/3 + 7*v**2 - 14*v - 97. What is the hundreds digit of f(2)?
2
Let n(b) = 32*b + 16. Let y be n(-5). Let t = 1697 - y. What is the units digit of t?
1
Let w = 0 + 12. Let g = -63 - -98. Let c = g - w. What is the tens digit of c?
2
Suppose 5*p + 13131 = 2*t, 2*p + 2125 = -5*t + 34880. What is the units digit of t?
3
Suppose 4*d = d - 3. Let g = 390 - 389. What is the units digit of g + (d/4 - 78/(-24))?
4
Suppose 5*i + 3*f - 31656 = 0, -1038 + 7383 = i - 4*f. What is the thousands digit of i?
6
Let d(g) = 186*g**2 - 9*g - 54 - 166*g**2 + g. What is the hundreds digit of d(-5)?
4
Let b be 157 + (-2 - -3)*-2. Let r = b + -339. Let k = -82 - r. What is the units digit of k?
2
Suppose 19*m - 258323 - 327998 = 0. What is the hundreds digit of m?
8
Let y be 273/182*(1 + (-2)/(-6)). Suppose 3*d - 320 = -2*x + 8*d, y*x + 4*d = 356. What is the tens digit of x?
7
Suppose -4*j + 1277 = 1269. Let x(m) be the third derivative of m**4/12 + 2*m**3/3 - 2*m**2. What is the units digit of x(j)?
8
Let d(o) = -o**3 + 5*o**2 + 10*o - 7. Let f be d(8). What is the tens digit of 7 - 6 - -1*f/(-1)?
2
Let o = 31 + -34. Let p = 9 + o. What is the units digit of -618*6/(-12) - p/2?
6
Let i(y) = -3*y + 31. Let c be i(6). Suppose -6*l = c*l - 3325. What is the units digit of l?
5
Let q(x) = x - 3. Let l be q(6). Let h(j) = -j + 4 - 129*j**2 + 503*j**2 - 119*j**2 - 124*j**2 - 121*j**2. What is the units digit of h(l)?
1
Suppose 27*g = 5*d + 31*g - 190191, 5*g = d - 38015. What is the ten thousands digit of d?
3
Let j(d) = 3*d**3 - 79*d**2 + 19*d - 134. Wh